 23, 6653
What are the prime factors of 416851098?
2, 3, 97, 109, 6571
List the prime factors of 9997610.
2, 5, 7, 19, 7517
What are the prime factors of 3340521715?
5, 31, 79, 272807
What are the prime factors of 566565510?
2, 3, 5, 7, 2697931
What are the prime factors of 57521134?
2, 11, 359, 7283
What are the prime factors of 109813629?
3, 89, 411287
What are the prime factors of 2192641939?
43, 50991673
What are the prime factors of 1778021515?
5, 47, 271, 27919
List the prime factors of 782780635.
5, 7, 13, 245771
List the prime factors of 466908637.
13, 461
What are the prime factors of 47853251?
47853251
List the prime factors of 726234397.
7, 19, 137, 39857
What are the prime factors of 33999041?
37, 83, 11071
What are the prime factors of 50468661?
3, 103, 54443
What are the prime factors of 163302517?
7, 67, 191, 1823
What are the prime factors of 1200869456?
2, 75054341
What are the prime factors of 96782698?
2, 3061, 15809
List the prime factors of 1632743845.
5, 4283, 76243
List the prime factors of 2015786941.
7, 103, 399403
List the prime factors of 126709012.
2, 109, 290617
List the prime factors of 319653150.
2, 3, 5, 19, 59, 1901
List the prime factors of 389303804.
2, 7681, 12671
List the prime factors of 21842924.
2, 487, 11213
List the prime factors of 3490194458.
2, 31, 56293459
What are the prime factors of 2438460437?
7, 19, 23, 797143
List the prime factors of 998453173.
19, 52550167
What are the prime factors of 16987495?
5, 7, 569, 853
What are the prime factors of 51669440?
2, 5, 61, 2647
What are the prime factors of 5774174392?
2, 7, 103110257
List the prime factors of 49690423.
1931, 25733
List the prime factors of 59787637.
7, 13, 50539
What are the prime factors of 2911346796?
2, 3, 11959, 20287
List the prime factors of 1748197363.
11, 17, 23, 89, 4567
What are the prime factors of 8554484?
2, 19, 112559
What are the prime factors of 551788435?
5, 11, 912047
What are the prime factors of 4114720157?
4114720157
List the prime factors of 1238971751.
23, 37, 1455901
What are the prime factors of 1348870186?
2, 61, 353, 31321
What are the prime factors of 2361623?
11, 17, 73, 173
List the prime factors of 861588933.
3, 287196311
What are the prime factors of 1223946193?
317, 1951, 1979
List the prime factors of 9007509.
3, 7, 53, 8093
List the prime factors of 194470965.
3, 5, 13, 401, 829
List the prime factors of 301932964.
2, 73, 103, 10039
List the prime factors of 119671291.
19, 523, 12043
List the prime factors of 24244119.
3, 2693791
What are the prime factors of 977482450?
2, 5, 7, 43, 107, 607
List the prime factors of 39322236.
2, 3, 3276853
What are the prime factors of 3127421964?
2, 3, 19, 23, 277, 2153
What are the prime factors of 373018763?
13, 113, 271, 937
What are the prime factors of 951037436?
2, 237759359
What are the prime factors of 131700899?
11, 2767, 4327
List the prime factors of 87609555.
3, 5, 11, 176989
List the prime factors of 71316683.
17, 397, 10567
List the prime factors of 563939174.
2, 41, 6877307
What are the prime factors of 53210675?
5, 7, 53, 5737
List the prime factors of 418055271.
3, 19, 29, 47, 5381
What are the prime factors of 1890472282?
2, 197, 269, 17837
What are the prime factors of 1009803553?
11, 17, 5400019
What are the prime factors of 254762124?
2, 3, 21230177
List the prime factors of 119429325.
3, 5, 530797
List the prime factors of 73352801.
2141, 34261
What are the prime factors of 6504420083?
7, 2029, 65423
List the prime factors of 32474569.
32474569
List the prime factors of 181128920.
2, 5, 7, 646889
What are the prime factors of 21136771?
41, 53, 71, 137
List the prime factors of 131481125.
5, 1051849
What are the prime factors of 29091031?
29, 34591
What are the prime factors of 38532109?
7, 11, 500417
List the prime factors of 7352951313.
3, 457, 2017, 2659
What are the prime factors of 133081270?
2, 5, 7, 17, 111833
What are the prime factors of 809043297?
3, 269681099
What are the prime factors of 148309749?
3, 7, 2354123
What are the prime factors of 670165370?
2, 5, 7, 373, 25667
List the prime factors of 34372646.
2, 7, 11, 61, 3659
List the prime factors of 260657098.
2, 13, 421, 23813
List the prime factors of 135707771.
10357, 13103
What are the prime factors of 1014793714?
2, 11, 317, 145511
What are the prime factors of 244948834?
2, 13, 9421109
List the prime factors of 457278511.
457278511
List the prime factors of 214788676.
2, 17, 79, 39983
List the prime factors of 101507442.
2, 3, 17, 149, 6679
List the prime factors of 1006590223.
1006590223
What are the prime factors of 8363681769?
3, 131, 277, 76829
List the prime factors of 5833175.
5, 233327
What are the prime factors of 1825992104?
2, 761, 299933
List the prime factors of 2113669754.
2, 7, 3463, 43597
List the prime factors of 169436248.
2, 21179531
What are the prime factors of 85222976?
2, 863, 1543
What are the prime factors of 110448377?
13, 89, 95461
What are the prime factors of 3133853158?
2, 29, 37, 43, 33961
What are the prime factors of 7853284?
2, 1963321
What are the prime factors of 68747184?
2, 3, 11, 17, 23, 37
What are the prime factors of 1759011783?
3, 37, 15846953
What are the prime factors of 442329172?
2, 110582293
What are the prime factors of 1735502293?
7, 467, 530897
List the prime factors of 7618816858.
2, 277, 13752377
What are the prime factors of 172581670?
2, 5, 17258167
List the prime factors of 50479009.
7, 7211287
What are the prime factors of 140561114?
2, 47, 71, 21061
List the prime factors of 526811915.
5, 7, 89, 131, 1291
What are the prime factors of 1055103339?
3, 351701113
What are the prime factors of 3660410?
2, 5, 13, 37, 761
What are the prime factors of 1739351?
1739351
List the prime factors of 544214756.
2, 136053689
What are the prime factors of 35664302?
2, 17832151
List the prime factors of 146666747.
103, 1423949
List the prime factors of 973808518.
2, 17, 31, 923917
List the prime factors of 949677125.
5, 7597417
List the prime factors of 1268262108.
2, 3, 35229503
List the prime factors of 517750058.
2, 7, 36982147
What are the prime factors of 279424195?
5, 55884839
List the prime factors of 87882994.
2, 109, 403133
List the prime factors of 13607427.
3, 101, 44909
What are the prime factors of 66192443?
7349, 9007
List the prime factors of 1240499690.
2, 5, 17, 41, 43, 4139
List the prime factors of 21784550.
2, 5, 293, 1487
What are the prime factors of 168307012?
2, 53, 793901
What are the prime factors of 2491774654?
2, 47, 26508241
What are the prime factors of 275722729?
173, 1593773
List the prime factors of 168887725.
5, 6755509
List the prime factors of 1149244776.
2, 3, 137, 263, 443
List the prime factors of 67603546.
2, 33801773
What are the prime factors of 82565203?
7, 19, 43, 14437
List the prime factors of 132228963.
3, 2213
What are the prime factors of 145148663?
11, 13195333
What are the prime factors of 1203061953?
3, 271, 1479781
List the prime factors of 91764444.
2, 3, 7647037
List the prime factors of 5397376587.
3, 7919, 227191
What are the prime factors of 388070?
2, 5, 151, 257
List the prime factors of 311556121.
131, 2378291
List the prime factors of 316698302.
2, 967, 163753
List the prime factors of 30831601.
281, 109721
What are the prime factors of 34880199?
3, 211, 55103
List the prime factors of 353368461.
3, 117789487
What are the prime factors of 69004724?
2, 17251181
What are the prime factors of 1099582836?
2, 3, 11, 953, 8741
What are the prime factors of 18025103?
103, 139, 1259
List the prime factors of 230608496.
2, 229, 62939
What are the prime factors of 1563355743?
3, 521118581
What are the prime factors of 62239866?
2, 3, 13, 797947
What are the prime factors of 5949817?
313, 19009
List the prime factors of 441477237.
3, 29, 5074451
What are the prime factors of 161789079?
3, 53929693
List the prime factors of 22255265.
5, 4451053
What are the prime factors of 83785626?
2, 3, 769, 6053
What are the prime factors of 5227186225?
5, 3593, 58193
What are the prime factors of 443088164?
2, 1063, 104207
What are the prime factors of 1343703436?
2, 335925859
List the prime factors of 573657988.
2, 143414497
What are the prime factors of 414453537?
3, 23, 761, 877
List the prim